{"id":40,"date":"2022-06-01T12:30:21","date_gmt":"2022-06-01T12:30:21","guid":{"rendered":"http:\/\/170.210.83.55\/?page_id=40"},"modified":"2024-10-04T08:52:44","modified_gmt":"2024-10-04T11:52:44","slug":"objeivo_y_marco_legal","status":"publish","type":"page","link":"https:\/\/bibliocentral.uncoma.edu.ar\/index.php\/objeivo_y_marco_legal\/","title":{"rendered":"Objeivo y marco legal"},"content":{"rendered":"\t\t<div data-elementor-type=\"wp-page\" data-elementor-id=\"40\" class=\"elementor elementor-40\">\n\t\t\t\t\t\t<section class=\"elementor-section elementor-top-section elementor-element elementor-element-2e42e692 elementor-section-full_width elementor-section-height-default elementor-section-height-default\" data-id=\"2e42e692\" data-element_type=\"section\" data-e-type=\"section\">\n\t\t\t\t\t\t<div class=\"elementor-container elementor-column-gap-no\">\n\t\t\t\t\t<div class=\"elementor-column elementor-col-100 elementor-top-column elementor-element elementor-element-694b2919\" data-id=\"694b2919\" data-element_type=\"column\" data-e-type=\"column\">\n\t\t\t<div class=\"elementor-widget-wrap elementor-element-populated\">\n\t\t\t\t\t\t<div class=\"elementor-element elementor-element-277d7cb elementor-widget__width-initial elementor-widget-mobile__width-initial elementor-widget elementor-widget-text-editor\" data-id=\"277d7cb\" data-element_type=\"widget\" data-e-type=\"widget\" data-widget_type=\"text-editor.default\">\n\t\t\t\t<div class=\"elementor-widget-container\">\n\t\t\t\t\t\t\t\t\t<p><\/p>\n<p>\u00a0<\/p>\n<h4><strong>Repositorio Digital Institucional de la Universidad Nacional del Comahue (RDI)<\/strong><\/h4>\n<p><a href=\"https:\/\/rdi.uncoma.edu.ar\">https:\/\/rdi.uncoma.edu.ar<\/a><\/p>\n<p><a href=\"mailto:rdi@biblioteca.uncoma.edu.ar\">rdi@biblioteca.uncoma.edu.ar<\/a><\/p>\n<p>\u00a0<\/p>\n<p style=\"text-align: right;\"><a href=\"https:\/\/bibliocentral.uncoma.edu.ar\/index.php\/repositorios-unco\/\"><img decoding=\"async\" src=\"https:\/\/bibliocentral.uncoma.edu.ar\/wp-content\/uploads\/2023\/11\/video.png\" alt=\"\" width=\"64\" height=\"39\" \/><\/a> \u00a0<a href=\"https:\/\/bibliocentral.uncoma.edu.ar\/index.php\/repositorios-unco\/\">Videos presentaci\u00f3n (RDI)<\/a><\/p>\n<p>\u00a0<\/p>\n<h4><strong>Este repositorio fue creado por Ordenanza del Consejo Superior de la UNCo <a href=\"https:\/\/bibliocentral.uncoma.edu.ar\/wp-content\/ord_0173_2014_47.pdf\">Ord. N\u00b0 0173\/2014<\/a>, tiene por objetivos:<\/strong><\/h4>\n<ul>\n<li>Procurar dar visibilidad -a nivel nacional e internacional- de la producci\u00f3n cient\u00edfica, acad\u00e9mica y (en formato digital) generada por los integrantes de la comunidad universitaria.<\/li>\n<li>Preservar dicha producci\u00f3n.<\/li>\n<li>Difundirla a trav\u00e9s de Internet y ofrecer a los autores un medio para incrementar la visibilidad de su trabajo.<\/li>\n<li>Impulsar la edici\u00f3n y publicaci\u00f3n electr\u00f3nica.<\/li>\n<\/ul>\n<p><strong>Nuestra Universidad tienen inter\u00e9s en la mayor promoci\u00f3n del nuevo paradigma del acceso abierto para obtener el m\u00e1ximo beneficio para la ciencia y la sociedad. En consecuencia, intentamos progresar en este empe\u00f1o:<\/strong><\/p>\n<ul>\n<li>Estimulando a nuestros investigadores de ayuda a publicar sus trabajos de acuerdo con los principios del paradigma del acceso abierto.<\/li>\n<li>Estimulando a los depositarios del patrimonio cultural para que apoyen el acceso abierto distribuyendo sus recursos a trav\u00e9s de la Internet.<\/li>\n<li>Desarrollando medios y maneras de evaluar las contribuciones de acceso abierto y las revistas electr\u00f3nicas, para mantener est\u00e1ndares de garant\u00eda de calidad y pr\u00e1ctica cient\u00edfica sana.<\/li>\n<li>Creaci\u00f3n de metadatos, o la publicaci\u00f3n de art\u00edculos individuales.<\/li>\n<\/ul>\n<p><strong><a href=\"https:\/\/bibliocentral.uncoma.edu.ar\/index.php\/politicas-rdi\/\">Pol\u00edticas de funcionamiento del Repositorio Digital Institucional<\/a><\/strong><\/p>\n<p>Si usted es docente, investigador, estudiante o lo ha sido en el pasado, puede contribuir con sus obras al repositorio de la UNCo mediante la realizaci\u00f3n de un simple procedimiento denominado <a href=\"https:\/\/bibliocentral.uncoma.edu.ar\/index.php\/autoarchivo-rdi\/\">autoarchivo<\/a>, o bien, puede realizarlo la Biblioteca Central de la UNCo a trav\u00e9s del archivo delegado.<\/p>\n<hr \/>\n<p><u><strong>MARCO LEGAL:<\/strong><\/u><\/p>\n<p>* Pol\u00edticas de funcionamiento del Repositorio Digital Institucional UNCo &#8211; Documento elaborado en el marco del Proyecto Picto-CIN 2010-0139<br \/><a href=\"https:\/\/bibliocentral.uncoma.edu.ar\/index.php\/politicas-rdi\/\">https:\/\/bibliocentral.uncoma.edu.ar\/index.php\/politicas-rdi\/<\/a><\/p>\n<p>* Reglamento de Administraci\u00f3n Acad\u00e9mica para carreras de pregrado y carreras de grado, modalidad presencial Ordenanza 0273\/2018 UNCo. <br \/><a href=\"https:\/\/faceweb.uncoma.edu.ar\/recursos\/ord_0273_2018.pdf\" target=\"_blank\" rel=\"noopener\">https:\/\/faceweb.uncoma.edu.ar\/recursos\/ord_0273_2018.pdf<\/a><\/p>\n<p>* Disposici\u00f3n No002\/2024 de Secretar\u00eda Acad\u00e9mica &#8211; ESTABLECER que todo <strong>Tesista de Posgrado<\/strong>, de <strong>Maestr\u00eda y Doctorado<\/strong>, realice el <a href=\"https:\/\/bibliocentral.uncoma.edu.ar\/index.php\/autoarchivo-rdi\/\"><em>autoarchivo<\/em><\/a> de su tesis en el Repositorio Digital Institucional (RDI),<br \/><a href=\"https:\/\/drive.google.com\/file\/d\/1h1qrNCJLw6FJPAwwRcHKfFZkNVfVCu8Q\/view?usp=drive_link\" target=\"_blank\" rel=\"noopener\">https:\/\/drive.google.com\/file\/d\/1h1qrNCJLw6FJPAwwRcHKfFZkNVfVCu8Q\/view?usp=drive_link<\/a><\/p>\n<p>* DISPOSICI\u00d3N No008\/2023 de Secretar\u00eda Acad\u00e9mica &#8211; \u201cESTABLECER que todo <strong>Egresado\/a de Posgrado<\/strong>, realice el <em><a href=\"https:\/\/bibliocentral.uncoma.edu.ar\/index.php\/autoarchivo-rdi\/\">autoarchivo<\/a><\/em> de su trabajo final o tesis en el Repositorio Digital Institucional (RDI),<br \/><a href=\"https:\/\/drive.google.com\/file\/d\/1Z-sIwR68gqoqX9XlZp_sPpPsfSRCDkhH\/view?usp=sharing\" target=\"_blank\" rel=\"noopener\">https:\/\/drive.google.com\/file\/d\/1Z-sIwR68gqoqX9XlZp_sPpPsfSRCDkhH\/view?usp=sharing<\/a><\/p>\n<p>* Resoluci\u00f3n 753\/2016. Sistema Nacional de Repositorios Nacionales (SNRD)<br \/><a href=\"https:\/\/www.argentina.gob.ar\/normativa\/nacional\/resoluci%C3%B3n-753-2016-267833\" target=\"_blank\" rel=\"noopener\">https:\/\/www.argentina.gob.ar\/normativa\/nacional\/resoluci%C3%B3n-753-2016-267833<\/a><\/p>\n<p>* Ordenanza 0173\/2014 creaci\u00f3n del Repositorio Digital Institucional UNCo y sus Pol\u00edticas de Funcionamiento.<br \/><a href=\"https:\/\/rdi.uncoma.edu.ar\/handle\/uncomaid\/6825\" target=\"_blank\" rel=\"noopener\">https:\/\/rdi.uncoma.edu.ar\/handle\/uncomaid\/6825<\/a><\/p>\n<p>* Ley 11.723 R\u00e9gimen Legal de la <strong>Propiedad Intelectual<\/strong>. Argentina.<br \/><a href=\"http:\/\/servicios.infoleg.gob.ar\/infolegInternet\/anexos\/40000-44999\/42755\/texact.htm\" target=\"_blank\" rel=\"noreferrer noopener\">http:\/\/servicios.infoleg.gob.ar\/infolegInternet\/anexos\/40000-44999\/42755\/texact.htm<\/a><\/p>\n<p>* Ley Nacional 26.899\/2013 Repositorios Digitales Institucionales de acceso abierto.<br \/><a href=\"http:\/\/servicios.infoleg.gob.ar\/infolegInternet\/anexos\/220000-224999\/223459\/norma.htm\" target=\"_blank\" rel=\"noreferrer noopener\">http:\/\/servicios.infoleg.gob.ar\/infolegInternet\/anexos\/220000-224999\/223459\/norma.htm<\/a><\/p>\n<p>\u00a0<\/p>\n<p><strong>DERECHOS DE AUTOR<\/strong><br \/><a href=\"https:\/\/www.argentina.gob.ar\/justicia\/derechodeautor\" target=\"_blank\" rel=\"noreferrer noopener\">https:\/\/www.argentina.gob.ar\/justicia\/derechodeautor<\/a><\/p>\n<p><strong>LICENCIAS CREATIVE COMMONS<\/strong><br \/><a href=\"https:\/\/creativecommons.org\/licenses\/?lang=es\" target=\"_blank\" rel=\"noreferrer noopener\">https:\/\/creativecommons.org\/licenses\/?lang=es<\/a><\/p>\n<p>\u00a0<\/p>\n<hr \/>\n<p>Para depositar un documentos en el repositorio del mismo autor, lea las instrucciones de <a href=\"https:\/\/bibliocentral.uncoma.edu.ar\/index.php\/autoarchivo-rdi\/\"><em>autoarchivo<\/em><\/a><em>.<\/em><\/p>\n<p><\/p>\t\t\t\t\t\t\t\t<\/div>\n\t\t\t\t<\/div>\n\t\t\t\t\t<\/div>\n\t\t<\/div>\n\t\t\t\t\t<\/div>\n\t\t<\/section>\n\t\t<div class=\"elementor-element elementor-element-1696fde e-flex e-con-boxed e-con e-parent\" data-id=\"1696fde\" data-element_type=\"container\" data-e-type=\"container\">\n\t\t\t\t\t<div class=\"e-con-inner\">\n\t\t<div class=\"elementor-element elementor-element-229421a e-con-full e-flex e-con e-child\" data-id=\"229421a\" data-element_type=\"container\" data-e-type=\"container\">\n\t\t\t\t<div class=\"elementor-element elementor-element-a03b31e elementor-widget elementor-widget-heading\" data-id=\"a03b31e\" data-element_type=\"widget\" data-e-type=\"widget\" data-widget_type=\"heading.default\">\n\t\t\t\t<div class=\"elementor-widget-container\">\n\t\t\t\t\t<h3 class=\"elementor-heading-title elementor-size-default\">Datos Primarios de Investigaci\u00f3n en RDI<\/h3>\t\t\t\t<\/div>\n\t\t\t\t<\/div>\n\t\t\t\t<div class=\"elementor-element elementor-element-5b7d61f elementor-widget elementor-widget-heading\" data-id=\"5b7d61f\" data-element_type=\"widget\" data-e-type=\"widget\" data-widget_type=\"heading.default\">\n\t\t\t\t<div class=\"elementor-widget-container\">\n\t\t\t\t\t<p class=\"elementor-heading-title elementor-size-default\"><a href=\"http:\/\/rdi.uncoma.edu.ar\/\">\u00bfSab\u00edas que pod\u00e9s ingresar datos primarios de Investigaci\u00f3n al Repositorio digital Institucional UNCo?<\/a><\/p>\t\t\t\t<\/div>\n\t\t\t\t<\/div>\n\t\t\t\t<\/div>\n\t\t<div class=\"elementor-element elementor-element-a050657 e-con-full e-flex e-con e-child\" data-id=\"a050657\" data-element_type=\"container\" data-e-type=\"container\">\n\t\t\t\t<div class=\"elementor-element elementor-element-895390a elementor-widget elementor-widget-heading\" data-id=\"895390a\" data-element_type=\"widget\" data-e-type=\"widget\" data-widget_type=\"heading.default\">\n\t\t\t\t<div class=\"elementor-widget-container\">\n\t\t\t\t\t<h3 class=\"elementor-heading-title elementor-size-default\">Como publicar<\/h3>\t\t\t\t<\/div>\n\t\t\t\t<\/div>\n\t\t<div class=\"elementor-element elementor-element-f6fa45a e-con-full e-flex e-con e-child\" data-id=\"f6fa45a\" data-element_type=\"container\" data-e-type=\"container\">\n\t\t\t\t<div class=\"elementor-element elementor-element-64ee565 elementor-widget elementor-widget-heading\" data-id=\"64ee565\" data-element_type=\"widget\" data-e-type=\"widget\" data-widget_type=\"heading.default\">\n\t\t\t\t<div class=\"elementor-widget-container\">\n\t\t\t\t\t<p class=\"elementor-heading-title elementor-size-default\">Para depositar un documentos en el repositorio del mismo autor, lea las instrucciones de autoarchivo.<\/p>\t\t\t\t<\/div>\n\t\t\t\t<\/div>\n\t\t\t\t<\/div>\n\t\t\t\t<\/div>\n\t\t\t\t\t<\/div>\n\t\t\t\t<\/div>\n\t\t<div class=\"elementor-element elementor-element-644d0ef e-flex e-con-boxed e-con e-parent\" data-id=\"644d0ef\" data-element_type=\"container\" data-e-type=\"container\">\n\t\t\t\t\t<div class=\"e-con-inner\">\n\t\t<div class=\"elementor-element elementor-element-e68ae15 e-con-full e-flex e-con e-child\" data-id=\"e68ae15\" data-element_type=\"container\" data-e-type=\"container\">\n\t\t\t\t<div class=\"elementor-element elementor-element-ddf6a43 elementor-widget elementor-widget-video\" data-id=\"ddf6a43\" data-element_type=\"widget\" data-e-type=\"widget\" data-settings=\"{&quot;youtube_url&quot;:&quot;https:\\\/\\\/youtu.be\\\/KhxiBwV8lnI?si=R_HlCUKh_C_tKNeP&quot;,&quot;video_type&quot;:&quot;youtube&quot;,&quot;controls&quot;:&quot;yes&quot;}\" data-widget_type=\"video.default\">\n\t\t\t\t<div class=\"elementor-widget-container\">\n\t\t\t\t\t\t\t<div class=\"elementor-wrapper elementor-open-inline\">\n\t\t\t<div class=\"elementor-video\"><\/div>\t\t<\/div>\n\t\t\t\t\t\t<\/div>\n\t\t\t\t<\/div>\n\t\t\t\t<\/div>\n\t\t<div class=\"elementor-element elementor-element-0d8cfdc e-con-full e-flex e-con e-child\" data-id=\"0d8cfdc\" data-element_type=\"container\" data-e-type=\"container\">\n\t\t\t\t<div class=\"elementor-element elementor-element-7286d59 elementor-widget elementor-widget-video\" data-id=\"7286d59\" data-element_type=\"widget\" data-e-type=\"widget\" data-settings=\"{&quot;video_type&quot;:&quot;hosted&quot;,&quot;controls&quot;:&quot;yes&quot;}\" data-widget_type=\"video.default\">\n\t\t\t\t<div class=\"elementor-widget-container\">\n\t\t\t\t\t\t\t<div class=\"e-hosted-video elementor-wrapper elementor-open-inline\">\n\t\t\t\t\t<video class=\"elementor-video\" src=\"https:\/\/bibliocentral.uncoma.edu.ar\/wp-content\/uploads\/2024\/09\/publicar-en-RDI.mp4\" controls=\"\" preload=\"metadata\" controlsList=\"nodownload\"><\/video>\n\t\t\t\t<\/div>\n\t\t\t\t\t\t<\/div>\n\t\t\t\t<\/div>\n\t\t\t\t<\/div>\n\t\t\t\t\t<\/div>\n\t\t\t\t<\/div>\n\t\t<div class=\"elementor-element elementor-element-fe9f5cb e-flex e-con-boxed e-con e-parent\" data-id=\"fe9f5cb\" data-element_type=\"container\" data-e-type=\"container\">\n\t\t\t\t\t<div class=\"e-con-inner\">\n\t\t\t\t<div class=\"elementor-element elementor-element-616537d elementor-widget elementor-widget-heading\" data-id=\"616537d\" data-element_type=\"widget\" data-e-type=\"widget\" data-widget_type=\"heading.default\">\n\t\t\t\t<div class=\"elementor-widget-container\">\n\t\t\t\t\t<h2 class=\"elementor-heading-title elementor-size-default\">Que se puede ingresar y como se visualiza<\/h2>\t\t\t\t<\/div>\n\t\t\t\t<\/div>\n\t\t\t\t\t<\/div>\n\t\t\t\t<\/div>\n\t\t<div class=\"elementor-element elementor-element-e8dc465 e-grid e-con-boxed e-con e-parent\" data-id=\"e8dc465\" data-element_type=\"container\" data-e-type=\"container\">\n\t\t\t\t\t<div class=\"e-con-inner\">\n\t\t\t\t<div class=\"elementor-element elementor-element-31472ee elementor-widget elementor-widget-video\" data-id=\"31472ee\" data-element_type=\"widget\" data-e-type=\"widget\" data-settings=\"{&quot;youtube_url&quot;:&quot;https:\\\/\\\/youtu.be\\\/Qmg7FdcpmCc?si=SEPiql5qC8kaztnO&quot;,&quot;video_type&quot;:&quot;youtube&quot;,&quot;controls&quot;:&quot;yes&quot;}\" data-widget_type=\"video.default\">\n\t\t\t\t<div class=\"elementor-widget-container\">\n\t\t\t\t\t\t\t<div class=\"elementor-wrapper elementor-open-inline\">\n\t\t\t<div class=\"elementor-video\"><\/div>\t\t<\/div>\n\t\t\t\t\t\t<\/div>\n\t\t\t\t<\/div>\n\t\t\t\t<div class=\"elementor-element elementor-element-cd0023b elementor-widget elementor-widget-video\" data-id=\"cd0023b\" data-element_type=\"widget\" data-e-type=\"widget\" data-settings=\"{&quot;video_type&quot;:&quot;hosted&quot;,&quot;controls&quot;:&quot;yes&quot;}\" data-widget_type=\"video.default\">\n\t\t\t\t<div class=\"elementor-widget-container\">\n\t\t\t\t\t\t\t<div class=\"e-hosted-video elementor-wrapper elementor-open-inline\">\n\t\t\t\t\t<video class=\"elementor-video\" src=\"https:\/\/bibliocentral.uncoma.edu.ar\/wp-content\/uploads\/2023\/06\/VID-20230605-WA0005.mp4\" controls=\"\" preload=\"metadata\" controlsList=\"nodownload\" poster=\"https:\/\/bibliocentral.uncoma.edu.ar\/wp-content\/uploads\/2024\/02\/logoRDI.png\"><\/video>\n\t\t\t\t<\/div>\n\t\t\t\t\t\t<\/div>\n\t\t\t\t<\/div>\n\t\t\t\t\t<\/div>\n\t\t\t\t<\/div>\n\t\t\t\t<\/div>\n\t\t","protected":false},"excerpt":{"rendered":"<p>\u00a0 Repositorio Digital Institucional de la Universidad Nacional del Comahue (RDI) https:\/\/rdi.uncoma.edu.ar rdi@biblioteca.uncoma.edu.ar \u00a0 \u00a0Videos&#8230;<\/p>\n","protected":false},"author":1,"featured_media":0,"parent":0,"menu_order":0,"comment_status":"closed","ping_status":"closed","template":"","meta":{"footnotes":""},"class_list":["post-40","page","type-page","status-publish","hentry"],"_links":{"self":[{"href":"https:\/\/bibliocentral.uncoma.edu.ar\/index.php\/wp-json\/wp\/v2\/pages\/40","targetHints":{"allow":["GET"]}}],"collection":[{"href":"https:\/\/bibliocentral.uncoma.edu.ar\/index.php\/wp-json\/wp\/v2\/pages"}],"about":[{"href":"https:\/\/bibliocentral.uncoma.edu.ar\/index.php\/wp-json\/wp\/v2\/types\/page"}],"author":[{"embeddable":true,"href":"https:\/\/bibliocentral.uncoma.edu.ar\/index.php\/wp-json\/wp\/v2\/users\/1"}],"replies":[{"embeddable":true,"href":"https:\/\/bibliocentral.uncoma.edu.ar\/index.php\/wp-json\/wp\/v2\/comments?post=40"}],"version-history":[{"count":112,"href":"https:\/\/bibliocentral.uncoma.edu.ar\/index.php\/wp-json\/wp\/v2\/pages\/40\/revisions"}],"predecessor-version":[{"id":2776,"href":"https:\/\/bibliocentral.uncoma.edu.ar\/index.php\/wp-json\/wp\/v2\/pages\/40\/revisions\/2776"}],"wp:attachment":[{"href":"https:\/\/bibliocentral.uncoma.edu.ar\/index.php\/wp-json\/wp\/v2\/media?parent=40"}],"curies":[{"name":"wp","href":"https:\/\/api.w.org\/{rel}","templated":true}]}}