{"id":38,"date":"2022-06-01T12:30:19","date_gmt":"2022-06-01T12:30:19","guid":{"rendered":"http:\/\/170.210.83.55\/?page_id=38"},"modified":"2026-02-24T13:44:19","modified_gmt":"2026-02-24T16:44:19","slug":"prestamos","status":"publish","type":"page","link":"https:\/\/bibliocentral.uncoma.edu.ar\/index.php\/prestamos\/","title":{"rendered":"Pr\u00e9stamos"},"content":{"rendered":"\t\t<div data-elementor-type=\"wp-page\" data-elementor-id=\"38\" class=\"elementor elementor-38\">\n\t\t\t\t\t\t<section class=\"elementor-section elementor-top-section elementor-element elementor-element-328ad807 elementor-section-boxed elementor-section-height-default elementor-section-height-default\" data-id=\"328ad807\" data-element_type=\"section\" data-e-type=\"section\">\n\t\t\t\t\t\t<div class=\"elementor-container elementor-column-gap-default\">\n\t\t\t\t\t<div class=\"elementor-column elementor-col-100 elementor-top-column elementor-element elementor-element-73219ed0\" data-id=\"73219ed0\" data-element_type=\"column\" data-e-type=\"column\">\n\t\t\t<div class=\"elementor-widget-wrap elementor-element-populated\">\n\t\t\t\t\t\t<div class=\"elementor-element elementor-element-502743b9 elementor-widget__width-initial elementor-widget elementor-widget-text-editor\" data-id=\"502743b9\" data-element_type=\"widget\" data-e-type=\"widget\" data-widget_type=\"text-editor.default\">\n\t\t\t\t<div class=\"elementor-widget-container\">\n\t\t\t\t\t\t\t\t\t<h5><b>Circulaci\u00f3n y Pr\u00e9stamos<\/b><\/h5>\n<p>Este sector de la Biblioteca est\u00e1 ubicado en la planta baja del edificio, cuenta con una sala de estudio silenciosa y dos salas parlantes.<\/p>\n<p><!-- \/wp:paragraph --><\/p>\n<p><!-- wp:list --><\/p>\n<ul>\n<li style=\"list-style-type: none;\">\n<ul><!-- wp:list-item --><\/ul>\n<\/li>\n<\/ul>\n<ul>\n<li style=\"list-style-type: none;\">\n<ul>\n<li>Horarios de atenci\u00f3n al p\u00fablico: lunes a viernes de 8 a 20 hs.<\/li>\n<\/ul>\n<\/li>\n<\/ul>\n<p><!-- \/wp:list-item --><\/p>\n<p><!-- wp:list-item --><\/p>\n<ul>\n<li style=\"list-style-type: none;\">\n<ul>\n<li><a href=\"https:\/\/bibliocentral.uncoma.edu.ar\/index.php\/reglamento-de-socios-y-prestamos\/\">Reglamento de socios y pr\u00e9stamos<\/a>.<\/li>\n<\/ul>\n<\/li>\n<\/ul>\n<p><!-- \/wp:list-item --><\/p>\n<p><!-- \/wp:list --><\/p>\n<p><!-- wp:paragraph --><\/p>\n<p>Adhesi\u00f3n de nuevos socios<\/p>\n<p><!-- \/wp:paragraph --><\/p>\n<p><!-- wp:list --><\/p>\n<ul>\n<li style=\"list-style-type: none;\">\n<ul><!-- wp:list-item --><\/ul>\n<\/li>\n<\/ul>\n<ul>\n<li style=\"list-style-type: none;\">\n<ul>\n<li><a href=\"http:\/\/opac.uncoma.edu.ar\/cgi-bin\/koha\/opac-memberentry.pl\" target=\"_blank\" rel=\"noopener\">Preinscripci\u00f3n online<\/a>.<\/li>\n<\/ul>\n<\/li>\n<\/ul>\n<p><!-- \/wp:list-item --><\/p>\n<p><!-- wp:list-item --><\/p>\n<ul>\n<li style=\"list-style-type: none;\">\n<ul>\n<li>Estudiantes: certificado de alumno regular y Documento Nacional de Identidad.<\/li>\n<\/ul>\n<\/li>\n<\/ul>\n<p><!-- \/wp:list-item --><\/p>\n<p><!-- wp:list-item --><\/p>\n<ul>\n<li style=\"list-style-type: none;\">\n<ul>\n<li>Docentes y No docentes: \u00faltimo recibo de sueldo y Documento Nacional de Identidad.<\/li>\n<\/ul>\n<\/li>\n<\/ul>\n<p><!-- \/wp:list-item --><\/p>\n<p><!-- \/wp:list --><\/p>\n<p><!-- wp:paragraph --><\/p>\n<p>Actualizaci\u00f3n anual de socios estudiantes<\/p>\n<p><!-- \/wp:paragraph --><\/p>\n<p><!-- wp:list --><\/p>\n<ul>\n<li style=\"list-style-type: none;\">\n<ul><!-- wp:list-item --><\/ul>\n<\/li>\n<\/ul>\n<ul>\n<li style=\"list-style-type: none;\">\n<ul>\n<li>A partir del 1 de marzo de cada a\u00f1o.<\/li>\n<\/ul>\n<\/li>\n<\/ul>\n<p><!-- \/wp:list-item --><\/p>\n<p><!-- wp:list-item --><\/p>\n<ul>\n<li style=\"list-style-type: none;\">\n<ul>\n<li>Certificado de alumno regular y carn\u00e9.<\/li>\n<\/ul>\n<\/li>\n<\/ul>\n<p><!-- \/wp:list-item --><\/p>\n<p><!-- \/wp:list --><\/p>\n<p><!-- wp:paragraph --><\/p>\n<p>Cat\u00e1logo on line del patrimonio bibliogr\u00e1fico de la Biblioteca: <a href=\"http:\/\/opac.uncoma.edu.ar\/cgi-bin\/koha\/opac-main.pl\">http:\/\/opac.uncoma.edu.ar\/<\/a><\/p>\n<p><\/p>\n<p><b>Contactos<\/b><\/p>\n<p><!-- \/wp:paragraph --><\/p>\n<p><!-- wp:paragraph --><\/p>\n<p>Gast\u00f3n GARAT &#8211; <a href=\"mailto:gaston.garat@biblioteca.uncoma.edu.ar\">gaston.garat@biblioteca.uncoma.edu.ar<\/a><br>Hern\u00e1n LASQUE &#8211; <a href=\"hernan.lasque@central.uncoma.edu.ar\">hernan.lasque@central.uncoma.edu.ar<\/a><br>Edith Cecilia PILLER &#8211; <a href=\"mailto:cecilia.piller@biblioteca.uncoma.edu.ar\">cecilia.piller@biblioteca.uncoma.edu.ar<\/a><\/p>\n<p><!-- \/wp:paragraph --><\/p>\t\t\t\t\t\t\t\t<\/div>\n\t\t\t\t<\/div>\n\t\t\t\t\t<\/div>\n\t\t<\/div>\n\t\t\t\t\t<\/div>\n\t\t<\/section>\n\t\t\t\t<section class=\"elementor-section elementor-top-section elementor-element elementor-element-d5dd1b3 elementor-section-boxed elementor-section-height-default elementor-section-height-default\" data-id=\"d5dd1b3\" data-element_type=\"section\" data-e-type=\"section\">\n\t\t\t\t\t\t<div class=\"elementor-container elementor-column-gap-default\">\n\t\t\t\t\t<div class=\"elementor-column elementor-col-100 elementor-top-column elementor-element elementor-element-7c41cfa\" data-id=\"7c41cfa\" data-element_type=\"column\" data-e-type=\"column\">\n\t\t\t<div class=\"elementor-widget-wrap elementor-element-populated\">\n\t\t\t\t\t\t<div class=\"elementor-element elementor-element-f05b63a elementor-widget elementor-widget-image\" data-id=\"f05b63a\" data-element_type=\"widget\" data-e-type=\"widget\" data-widget_type=\"image.default\">\n\t\t\t\t<div class=\"elementor-widget-container\">\n\t\t\t\t\t\t\t\t\t\t\t\t\t\t\t<img loading=\"lazy\" width=\"640\" height=\"360\" src=\"https:\/\/bibliocentral.uncoma.edu.ar\/wp-content\/uploads\/2023\/04\/prestamos-768x432.jpg\" class=\"attachment-medium_large size-medium_large wp-image-795\" alt=\"prestamos\" srcset=\"https:\/\/bibliocentral.uncoma.edu.ar\/wp-content\/uploads\/2023\/04\/prestamos-768x432.jpg 768w, https:\/\/bibliocentral.uncoma.edu.ar\/wp-content\/uploads\/2023\/04\/prestamos-300x169.jpg 300w, https:\/\/bibliocentral.uncoma.edu.ar\/wp-content\/uploads\/2023\/04\/prestamos-1024x576.jpg 1024w, https:\/\/bibliocentral.uncoma.edu.ar\/wp-content\/uploads\/2023\/04\/prestamos-1536x864.jpg 1536w, https:\/\/bibliocentral.uncoma.edu.ar\/wp-content\/uploads\/2023\/04\/prestamos-2048x1152.jpg 2048w\" sizes=\"auto, (max-width: 640px) 100vw, 640px\" loading=\"lazy\" decoding=\"async\" \/>\t\t\t\t\t\t\t\t\t\t\t\t\t\t\t<\/div>\n\t\t\t\t<\/div>\n\t\t\t\t\t<\/div>\n\t\t<\/div>\n\t\t\t\t\t<\/div>\n\t\t<\/section>\n\t\t\t\t<\/div>\n\t\t","protected":false},"excerpt":{"rendered":"<p>Circulaci\u00f3n y Pr\u00e9stamos Este sector de la Biblioteca est\u00e1 ubicado en la planta baja del&#8230;<\/p>\n","protected":false},"author":1,"featured_media":0,"parent":0,"menu_order":0,"comment_status":"closed","ping_status":"closed","template":"","meta":{"footnotes":""},"class_list":["post-38","page","type-page","status-publish","hentry"],"_links":{"self":[{"href":"https:\/\/bibliocentral.uncoma.edu.ar\/index.php\/wp-json\/wp\/v2\/pages\/38","targetHints":{"allow":["GET"]}}],"collection":[{"href":"https:\/\/bibliocentral.uncoma.edu.ar\/index.php\/wp-json\/wp\/v2\/pages"}],"about":[{"href":"https:\/\/bibliocentral.uncoma.edu.ar\/index.php\/wp-json\/wp\/v2\/types\/page"}],"author":[{"embeddable":true,"href":"https:\/\/bibliocentral.uncoma.edu.ar\/index.php\/wp-json\/wp\/v2\/users\/1"}],"replies":[{"embeddable":true,"href":"https:\/\/bibliocentral.uncoma.edu.ar\/index.php\/wp-json\/wp\/v2\/comments?post=38"}],"version-history":[{"count":25,"href":"https:\/\/bibliocentral.uncoma.edu.ar\/index.php\/wp-json\/wp\/v2\/pages\/38\/revisions"}],"predecessor-version":[{"id":3485,"href":"https:\/\/bibliocentral.uncoma.edu.ar\/index.php\/wp-json\/wp\/v2\/pages\/38\/revisions\/3485"}],"wp:attachment":[{"href":"https:\/\/bibliocentral.uncoma.edu.ar\/index.php\/wp-json\/wp\/v2\/media?parent=38"}],"curies":[{"name":"wp","href":"https:\/\/api.w.org\/{rel}","templated":true}]}}